= -456*z + 15465. Let g = 14 - 8. Calculate the greatest common factor of z and g.
6
Let x(a) = -48*a + 804. Let w be x(7). What is the highest common divisor of 324 and w?
36
Let p = 11620 + -11466. What is the greatest common divisor of 1022 and p?
14
Let i(u) = -262*u - 4712. Let j be i(-20). Suppose s - 65 = -17. What is the highest common divisor of j and s?
48
Let u = 4643 - 4630. What is the greatest common divisor of 637 and u?
13
Let c = -2038 + 3207. What is the greatest common divisor of c and 7?
7
Let j(c) = 3*c - 39. Let y be (-45)/(-25)*(17 + -7). Let g be j(y). Calculate the greatest common divisor of 285 and g.
15
Suppose -3*h = -w + 225, 5*h = 13 + 12. Suppose -5*y - 5*q + w = 0, -3*q + 0*q = 5*y - 242. Calculate the highest common factor of y and 21.
7
Let h(r) = 5*r + 336. Let f be h(-60). What is the greatest common factor of 3804 and f?
12
Let z be (-13 + 18)*14/(-5). Let x(s) = s**3 + 13*s**2 - 11*s + 8. Let w be x(z). Let a = w + 73. Calculate the greatest common divisor of a and 26.
13
Let a be 2/((-1)/30 + (-26)/(-195)). Let q = 8 - -12. Suppose s - p + q = 4*s, -2*s + 28 = -3*p. What is the greatest common factor of a and s?
4
Let z be -3*1/39 - 1050/(-130). Calculate the highest common factor of z and 926.
2
Let g = 140 + -25. Suppose -g*f = -119*f + 276. What is the highest common factor of 46 and f?
23
Let h(q) = -q**3 - 8*q**2 + 14*q + 48. Let i be h(-9). Let m be i/((85/(-210))/(-17)). What is the highest common divisor of 54 and m?
18
Let t(r) = 407*r - 8371. Let m be t(25). Calculate the greatest common factor of 2624 and m.
164
Suppose 5*z + p - 68 = 0, 0 = 2*z - 2*p + 560 - 592. What is the highest common factor of 6034 and z?
14
Suppose -i + 4*i = 2*q - 191, 0 = -5*i + q - 309. Let p = i + 89. What is the highest common factor of 7 and p?
7
Suppose 22*c - 18*c = 60. Let h be (12/8)/(6/(-8)). Let l be ((-1)/(-2))/(h/(-12)). What is the highest common factor of l and c?
3
Let q = 27 - -29. Let c be q/10*(-35)/7. Let t = c - -64. Calculate the greatest common factor of 12 and t.
12
Suppose 4*t - 393 = -5*j, 10 = -2*t + 14. What is the highest common divisor of 3773 and j?
77
Suppose 86*t = 3203 - 2688 + 9117. What is the highest common factor of 3024 and t?
112
Suppose -60480 = -408*i + 296*i. Calculate the highest common divisor of i and 972.
108
Suppose -2*h + 38 = -90. Suppose 0 = 2*w - 2 - 4. Suppose j = -w*j + 64. What is the highest common factor of j and h?
16
Let y = 770032 - 769964. Let z be (-4278)/(-21) - (-4)/14. What is the greatest common divisor of y and z?
68
Let q = -84129 + 84171. Let z(i) = -92*i - 2. Let k be z(-2). Calculate the greatest common divisor of k and q.
14
Suppose 94*z + 26*z - 21600 = 0. Calculate the greatest common divisor of 320 and z.
20
Let x be -1*(209 + -214)/((-1)/(-21)). Suppose u - 6 = 3*t, 3*t - 51 + 120 = 4*u. What is the greatest common divisor of x and u?
21
Let h = -7065 + 8406. What is the greatest common factor of h and 72?
9
Let w(x) = -30*x + 4028. Let g be w(58). What is the highest common divisor of g and 429?
143
Suppose 2*l + 2*o - 143 = 275, -5*l + 5*o = -1045. Calculate the greatest common divisor of l and 1121.
19
Let t(p) = 2*p**3 + 22*p**2 + 19*p - 7. Let l be t(-10). Let z be (184/16 - 10)/(l/100). What is the highest common divisor of z and 550?
50
Suppose -12*m + 9*m = 225. Let v = m + 78. Suppose 3*t - 535 = -p, p - 6*p + 515 = v*t. What is the highest common divisor of 20 and t?
20
Let w be (1 + 2)/(-4 - -3 - -2). Suppose -2*z - 5*q + 45 = 0, 4*z + w*q - 81 = z. What is the highest common divisor of z and 105?
15
Let t be 6*(-35)/(-13) - (-27)/4563*-26. Suppose 5*w = -25, 6*k = 2*k + 5*w + 761. Calculate the highest common divisor of t and k.
8
Suppose -7 = 4*i + 1. Let c be i/(-16) - 7125/(-152). Suppose q - 6 - 16 = -f, q - 4*f = c. Calculate the greatest common divisor of 216 and q.
27
Suppose 0 = -2*w + 5*t - 751 + 2898, -4*w + 4259 = -5*t. Calculate the greatest common divisor of w and 1254.
66
Let l = -316 - -452. Let t be 4/((-220)/5137) - (-6)/(-10). Let w = t + l. What is the highest common factor of w and 7?
7
Suppose 1 - 25 = -8*l. Suppose l - 31 = -k. What is the greatest common factor of k and 224?
28
Let y = 3509 - 3327. What is the highest common divisor of 77 and y?
7
Suppose 2397 = -p - 2*j + 2523, -5*p = -5*j - 705. Calculate the greatest common divisor of p and 2771.
17
Suppose 0 = -b - 0*b + s + 34, -2*b - 2*s = -72. Let f = 57 + b. Calculate the highest common factor of f and 690.
46
Suppose 2*q + 2*q = 52. Let x be (-7)/2*(-8)/14. Suppose -s = -x*z + 177, -1 = -4*s + 19. What is the highest common divisor of q and z?
13
Suppose 31*m + 36*m - 605920 = 11*m. What is the highest common divisor of m and 60?
20
Suppose 0 = -100*r + 103*r - 342. Suppose 2*x + 5*h = 91 + r, -5*h + 490 = 5*x. What is the greatest common divisor of x and 10?
5
Let y be (1 - (-2193)/18) + 1/6. Suppose y + 0 = 4*k + 5*q, 5*k - 3*q = 163. Let g be 32/(0 - (-3)/21). What is the greatest common factor of g and k?
32
Let y(o) = 7*o**2 + 68*o + 288. Let k be y(-27). What is the highest common factor of 180 and k?
45
Let l = -12 - -9. Let q be l/(-2)*(-64)/3. Let w = q + 40. Calculate the highest common factor of 56 and w.
8
Let n(c) be the third derivative of c**6/120 + 2*c**5/15 - 11*c**4/24 + 2*c**3/3 + 2*c**2 - 64. Let t be n(4). Calculate the greatest common factor of 19 and t.
19
Let m(v) = -226*v + 28. Let b be m(-2). Calculate the greatest common factor of 90 and b.
30
Let i = -17066 + 17126. Calculate the greatest common divisor of i and 4896.
12
Let g be ((-78)/(-10))/((-3)/135*-3). Suppose i + 15*z - 12*z = 11, 88 = 3*i - 2*z. What is the greatest common factor of g and i?
13
Let t be -4 + 6 - 2*(-9)/6. Suppose 28 = t*q - q. Suppose -4*l + 5*l = -4*z - q, -2*z + 16 = 2*l. What is the greatest common factor of l and 39?
13
Let g(f) = 8*f - 4. Let r be g(12). Let s be (33/9 + -3)*18/4. Suppose -j + 3*j = i - 31, -4*j = s*i - 53. Calculate the highest common factor of i and r.
23
Let l be ((-8625)/(-300))/((-2884)/(-576) - 5). What is the highest common factor of l and 20?
20
Let o = 24417 - 24384. Let y = 13 + -7. What is the greatest common divisor of o and y?
3
Suppose 1002*f - 1010*f + 20992 = 0. What is the greatest common divisor of 24 and f?
8
Let g(b) = -b**3 + 8*b**2 - 6*b - 4. Let v be g(7). Let n be -5 + (-636)/(-132) - 117/(-99). Calculate the greatest common factor of v and n.
1
Suppose 0 = 5*s + 4*y - 22592, -3*s + 1117*y = 1115*y - 13564. Calculate the highest common factor of s and 80.
40
Suppose -4*a = -5*m - 15 + 11, -2*m + a + 2 = 0. What is the highest common divisor of m and 3510?
2
Let p(i) be the first derivative of -7/2*i**2 - 9*i + 17. Let t be p(-12). Calculate the greatest common divisor of t and 15.
15
Let w be ((-2)/4)/(2/(-40)). Let m(p) = p**3 + 3*p**2 + 4*p + 38. Let o be m(-4). Calculate the highest common divisor of w and o.
2
Suppose -c + 2*c - 2*o - 1244 = 0, -3*c - 5*o = -3754. Suppose 14*x - c = -10*x. What is the highest common divisor of 12 and x?
4
Let w = -12 - -18. Suppose -w*j + 4*j = -16. Suppose j*z - 137 = 199. Calculate the highest common factor of z and 28.
14
Let h be 3129 + (-8)/(96/30)*(-24)/(-15). Calculate the highest common divisor of 875 and h.
125
Suppose 3*p = -5*m + 71, 3*p + 2*p - 155 = -m. What is the greatest common divisor of 464 and p?
16
Let r(o) = -o**2 - 19*o - 60. Let y be r(-14). Suppose p = y*p - 4995. What is the highest common factor of 15 and p?
15
Suppose 0*u + 2 = -u. Let y be (u - -3)/((-1)/(-33)). Let o(m) = 36*m**2 + 41*m + 8. Let z be o(-1). Calculate the greatest common factor of z and y.
3
Suppose 135*l - 3609 - 7731 = 0. Calculate the highest common divisor of l and 1344.
84
Suppose -3*o - 121 = -127, -4*h = -5*o - 142. Calculate the greatest common factor of h and 3287.
19
Let x be 8/28*(19/1 - 5). Suppose 2*i = h + 11, -x*h - 15 = -h. Suppose t - 45 = -2*t. What is the greatest common divisor of i and t?
3
Let d(t) = -t + 1. Let c be d(-3). Let q be (-5)/(15/(-147))*(-172)/(-301). Calculate the greatest common factor of c and q.
4
Let s(i) = 3176*i - 13230. Let h be s(5). What is the greatest common factor of 200 and h?
50
Suppose 44 = 5*o + i, -82 = 2*i - 80. Ca